- -154. What are the prime factors of v?
2, 5, 7, 17
Let a = -75 + 205. What are the prime factors of (5/(5/18))/(15/a)?
2, 3, 13
Let f(u) = 2*u - 3. Let g be f(4). Suppose g*a - 1096 = -j, a = 5*a + 3*j - 868. List the prime factors of a/24 + 1/(-6).
3
Let z(u) = -17*u + 15. Let m(g) = 33*g - 29. Let h(a) = 6*m(a) + 11*z(a). List the prime factors of h(6).
3, 19
Let h(v) = 4*v + 3. Let a be h(6). Suppose 0 = 3*t - 327 - a. What are the prime factors of t?
2, 59
Suppose 287 + 97 = 4*z. Let x be (z/(-10))/(6/20). Let h = x + 54. What are the prime factors of h?
2, 11
Let v be (-12)/18 - 17/(-3). Suppose 1 = v*u - 19. What are the prime factors of -2 - -18 - (-3 + u)?
3, 5
Suppose 5*h + 3*q = 55 + 35, -q + 50 = 3*h. What are the prime factors of (-53)/(-5) + 6/h?
11
Suppose 0 = i, 3*i + 8 = 4*h - 2*i. Suppose 0 = h*w + w - 18. What are the prime factors of w?
2, 3
Suppose 1181 = d - 3*q, -6495 + 514 = -5*d - 4*q. List the prime factors of d.
1193
Let p(l) = 287*l + 52. List the prime factors of p(3).
11, 83
Suppose -5*q + 66 = -2*q. Let l = q - 18. Suppose -3*o + l*u + 1 = -19, -2*o + 16 = -2*u. List the prime factors of o.
2, 3
Let o(q) = -q**2 + 2*q + 3. Let p be o(3). Suppose -3*f = -p*f - 4*a + 59, 51 = -2*f + 5*a. Let s(c) = c**2 + 10*c - 18. List the prime factors of s(f).
3, 7
Suppose -2*s = 2*j - 3608, 6*s + 6 = 30. What are the prime factors of j?
2, 3, 5
Let g be (-5)/5*15/(-3). What are the prime factors of 64/g*(-5 + 15)?
2
Let q be (-4)/1 - (-8 - -1). Suppose -5*b - q*j + 294 = 0, 3*j + 70 = b - 2*j. List the prime factors of b.
2, 3, 5
Let b(l) = 48*l - 83. List the prime factors of b(10).
397
Suppose 0 = -6*g + 214 + 344. List the prime factors of g.
3, 31
Suppose 5*k - 2*k = -3. What are the prime factors of (-120)/k*8/6?
2, 5
Suppose -6*c = 4*c - 53650. What are the prime factors of c?
5, 29, 37
Let y = 169 + -130. Let j be 4/(-10) - (-327)/5. Let z = j - y. What are the prime factors of z?
2, 13
Suppose 5*h - 156 = -2*x, -5*h + x + 162 = -0*x. List the prime factors of (h/12)/((-2)/(-90)).
2, 3, 5
Suppose -5*o = -0*o - 15, x - 5*o + 182 = 0. Let z = x + 299. List the prime factors of z.
2, 3, 11
Suppose -2*t + 5*s - 23 = -4*t, 58 = 4*t - 2*s. Suppose t*a + 264 = 16*a. List the prime factors of a.
2, 3, 11
Let f(i) = -48*i - 276. List the prime factors of f(-11).
2, 3, 7
Let z = -12 - -10. Let k(t) = -9*t**3 + t**2 - 3. What are the prime factors of k(z)?
73
Let c = 836 + -290. What are the prime factors of c?
2, 3, 7, 13
Let o be (16/10)/(6/15). Suppose 9*h - 4*h - l = 19, 0 = -h - o*l - 13. Suppose 0 = -4*p + c + 3*c + 52, 2*p - h*c = 23. List the prime factors of p.
2
Suppose -301 = -4*s - 5*t + 25, -150 = -2*s + 4*t. What are the prime factors of s?
79
Let x be (-4)/((4/(-155))/(4/(-10))). Suppose 6*f = f. What are the prime factors of f/8 - x/2?
31
Let d(x) = -2*x**2 - 13*x + 6. Let b be d(-10). Let q be (-3)/9 + b/(-12). Suppose -v - q*n - 135 = -6*v, 2*v = 5*n + 69. List the prime factors of v.
2, 11
Let k be -4 - -15 - (1 - -3). Let z be (28/8)/k*2. Suppose 4*h + z = f - 4, 4*f - 2*h = 48. List the prime factors of f.
13
Let i = -25 - -29. Suppose -9*v + 969 = 5*l - 12*v, 0 = l - i*v - 204. List the prime factors of l.
2, 3
Suppose -4*s + 284 = -4*z, s - 4*z = z + 59. Suppose 0 = -3*f - i + 136, -i = -3*f + s + 54. What are the prime factors of f?
2, 11
Let i(z) = -3*z + 13. Let n be i(10). Let b = -15 - n. Suppose k + 44 = 3*p, 0 = -b*p + k + 4 + 24. List the prime factors of p.
2
Suppose 4*d + 5*z = 5670, -11*d + 14*d = z + 4262. List the prime factors of d.
2, 5, 71
Suppose -2*v - 6 = 0, 6*v - 15007 = -4*z + 3*v. List the prime factors of z.
2, 1877
Let y(c) = c**3 - 8*c**2 - c + 6. Let l be y(8). Let m be (13 - 24)/(l/(-10)). What are the prime factors of (m/(-10))/(2/4)?
11
Suppose -5*d + 3*d + 12 = 0. Let i(n) = -7*n**2 + 4*n + 15. Let c(t) = -t**2 + t + 1. Let v(z) = 6*c(z) - i(z). What are the prime factors of v(d)?
3, 13
Suppose n + 40 = 6*n. Suppose n = -3*p + 2. What are the prime factors of 1 + 2/p - -52?
2, 13
Let l = 387 + 29. What are the prime factors of l?
2, 13
Let o(u) be the third derivative of 0*u + 0 - 1/12*u**4 + 6*u**2 + 11/3*u**3. List the prime factors of o(-9).
2, 5
Let t be (-32)/14 - (-2)/7. Let q(l) = -3*l**3 + 25*l**2 + 21*l - 30. Let m be q(9). What are the prime factors of t + 0/m + 66?
2
Let r(c) = c**2 - 2*c + 5. Let n be r(0). Suppose 3*h + 85 = n*h - u, 0 = -2*h + 4*u + 70. What are the prime factors of h?
3, 5
Suppose 3*u - 10 = -4*b, 0*b - 4 = 4*u + b. Let n = u + 5. List the prime factors of (n - 5) + 2 + 26.
2, 13
Let n be 8/3*(-9)/(-4). Let z(v) = -v. Let c(k) = -k**2 - 7*k + 8. Let f(x) = -c(x) + 6*z(x). List the prime factors of f(n).
2, 17
Suppose 2*r = -4*u - 0*u + 998, -r + 496 = -u. Suppose -5*z - 515 = -5*i, -3*i - 4*z + r = 2*i. What are the prime factors of i?
101
Suppose 18 = c + 15. Suppose -5*n + 218 = -2*g, -n + 0*n = -c*g - 54. What are the prime factors of n?
2, 3, 7
Let h(k) be the first derivative of -6 + 6*k**3 + 7/2*k**2 + 2*k. What are the prime factors of h(-2)?
2, 3, 5
What are the prime factors of 4*(2442/24 + 1)?
3, 137
Let a(z) = 12*z**2 - 7*z - 11. List the prime factors of a(-5).
2, 3
Suppose -123825 = -40*v + 6815. List the prime factors of v.
2, 23, 71
Suppose -324 = -2*n + 302. Let c = n + -139. List the prime factors of c.
2, 3, 29
Let u = 29 - 30. List the prime factors of (-1 - (0 + u)) + 3.
3
Suppose -2*i - 36 = -4*i. Let u be i/8*128/12. Suppose v - 29 = 2*l, -3*v + 2*v = 3*l - u. List the prime factors of v.
3
Let b(y) = -y**3 + 14*y**2 - 10*y - 7. Let c be b(13). Suppose -3*d + c = d. Let k(j) = 4*j - 14. List the prime factors of k(d).
2, 3
Let y = -50 - -112. Let v = y - 60. What are the prime factors of v?
2
Let f(d) = -d**3 + 2*d**2 - d + 2. Let n be f(0). Suppose -5*u + n*q = -215, 3*q = 4*u + q - 170. What are the prime factors of u?
3, 5
Suppose 0 = 3*s - 15, -4*o + 3*s + 16 = -s. Suppose -5 = -r, 0 = 4*d + 7*r - 2*r - o. What are the prime factors of (212/(-20))/(d/20)?
53
Let r(w) = 13*w + 115. Let g(o) = 7*o + 58. Let u(n) = 5*g(n) - 3*r(n). List the prime factors of u(-29).
61
Suppose 0 = 4*a - 20, 3*z - 3*a + 6 = -0*z. Suppose 0 = 2*g + 2*g - 492. Suppose -2*i - 5*c = 10 - g, 0 = -z*i + 4*c + 181. What are the prime factors of i?
59
Let o = -66 + 99. Suppose 3*w = 612 + o. List the prime factors of w.
5, 43
Let y = 212 - 92. What are the prime factors of y/7 - 8/56?
17
Let q = -12 - -16. Suppose -g + q*l = -97, g - 73 = l + 15. What are the prime factors of g?
5, 17
Suppose 4*v - 5*v = 0. Suppose a - 6*a = v. Suppose 2*h - 64 = -a*o - 4*o, o - 2*h - 6 = 0. What are the prime factors of o?
2, 7
Let n(i) = -38*i + 4. What are the prime factors of n(-11)?
2, 211
Suppose -3*g - v + 213 = 0, 0 = -g - 4*g - 5*v + 355. Let i = g - 36. Suppose -2*n = -3*n + i. List the prime factors of n.
5, 7
Suppose -6*i + 33737 - 12407 = 0. List the prime factors of i.
3, 5, 79
Let x = -13 + 13. Let a(r) = r + 4. Let f be a(x). Suppose 9 = -k - f*j, -j = -k + 2*j + 19. List the prime factors of k.
7
Suppose -3*r + 15 = 0, 7*r = 4*j + 4*r + 47. Suppose 2*b - 4*n - 2 = b, 4*n - 28 = -2*b. Let l = b + j. What are the prime factors of l?
2
Let k be (2 + 32/(-6))*-12. Suppose -3*u = u + k. What are the prime factors of u/(-6)*6*5?
2, 5
Suppose -o + 35 = 4*o. Suppose u = 496 - 484. Let w = u - o. What are the prime factors of w?
5
Let p(m) = -84*m**3 - m**2 + 2*m + 2. Let b be p(-1). Suppose 0 = -5*j + 3*t + 421, 10 = j - 5*t - b. What are the prime factors of j?
83
Let j(h) = h**3 + 5*h**2 - 6*h + 4. Let x = 1 - 1. Suppose -2*b = t - x*t + 15, -b + 5*t = -20. List the prime factors of j(b).
2, 17
Suppose 11 - 61 = -5*z - 5*g, z - 35 = 4*g. Suppose -z*t + 1672 + 2453 = 0. What are the prime factors of t?
5, 11
Let x be 3/(106/26 + -4). Let l = 45 - x. List the prime factors of 184/12*9/l.
23
Suppose -201 = 4*y + 303. Let a = y + 215. What are the prime factors of a?
89
Let k = -12 + 16. Let v(a) = -a**3 - a**2 + 4*a. Let c be v(k). List the prime factors of ((-6)/(-8))/((-4)/c).
2, 3
Let l(d) = -2*d + 6*d**2 - 30 + 3*d**3 + 12 + 0*d**3 + 5. List the prime factors of l(4).
3, 89
Let v = 4126 - 2391. What are the prime factors of v?
5, 347
Let p(t) = 35*t*